202202
In base 8, what is -310323 - 15?
-310340
In base 16, what is 33 + -58b?
-558
In base 4, what is 11010 - -1031?
12101
In base 13, what is 7 + -105?
-cb
In base 11, what is 1029a3 + -5?
102999
In base 2, what is -100001001011 - -1100?
-100000111111
In base 6, what is -150 + 1253341?
1253151
In base 15, what is -31910 - 0?
-31910
In base 2, what is 11011100001 + -1000100?
11010011101
In base 16, what is -14 + 5b4a?
5b36
In base 8, what is 2063 - 47?
2014
In base 3, what is -1 + -1000120102?
-1000120110
In base 2, what is -11000111000111 + 101?
-11000111000010
In base 10, what is -184 - -13267?
13083
In base 15, what is -419 + -b?
-425
In base 14, what is -282 + -3b1a?
-3d9c
In base 15, what is -c4 + -1bd5?
-1ca9
In base 6, what is -423 + -2153?
-3020
In base 9, what is -773 - 12?
-785
In base 3, what is 1121200011 + 20?
1121200101
In base 6, what is -2254 + 24434?
22140
In base 12, what is 45 + 15111?
15156
In base 6, what is -1300 - 5033?
-10333
In base 15, what is 7501a + 5?
75020
In base 16, what is b77 + -16?
b61
In base 10, what is 25422 + 7?
25429
In base 15, what is -1907 + 7b?
-187b
In base 3, what is 110 - 1211101?
-1210221
In base 10, what is -13519 - -24?
-13495
In base 2, what is 0 - 1110011111111?
-1110011111111
In base 8, what is -1075727 + -7?
-1075736
In base 7, what is -1306523 + -13?
-1306536
In base 7, what is 100 + 23124?
23224
In base 10, what is -12 - 185926?
-185938
In base 16, what is 1 + 7b961?
7b962
In base 11, what is -1 + 358144?
358143
In base 14, what is 2 - 2d978?
-2d976
In base 16, what is -212e2 - 1?
-212e3
In base 8, what is 0 - -2335341?
2335341
In base 6, what is 1100212 + 0?
1100212
In base 12, what is -33 + -2126b?
-212a2
In base 9, what is -64 + -712?
-776
In base 9, what is 2 + -1372076?
-1372074
In base 6, what is 120135 + 2?
120141
In base 8, what is 3 + 10072?
10075
In base 9, what is -21 + 7651?
7630
In base 8, what is 0 + -1135624?
-1135624
In base 7, what is -1103 + 30202?
26066
In base 3, what is -10 - -21011211?
21011201
In base 12, what is -107 - 4288?
-4393
In base 9, what is 345200 + -5?
345184
In base 2, what is 110100010 + -110010110010?
-101100010000
In base 3, what is 100122112210122 + -10?
100122112210112
In base 14, what is -28b - -b7?
-1b4
In base 5, what is 0 - 2401322?
-2401322
In base 2, what is -101 - 11111000101000?
-11111000101101
In base 6, what is -3 - -301022?
301015
In base 9, what is 314412 + -2?
314410
In base 5, what is 2 - -1243431?
1243433
In base 6, what is -5 - -122403?
122354
In base 3, what is -11221101 - 20?
-11221121
In base 9, what is 0 + 16563?
16563
In base 10, what is 20 + -2106?
-2086
In base 8, what is -732024 - 10?
-732034
In base 16, what is -6d70 + -2?
-6d72
In base 13, what is -1c349b - 3?
-1c34a1
In base 2, what is 110 - 10010001100?
-10010000110
In base 7, what is -6 - -13315?
13306
In base 14, what is -1a38c0 - -2?
-1a38bc
In base 4, what is 12 - -12300?
12312
In base 7, what is -10 - -144423?
144413
In base 15, what is 1696 - -2a?
16c1
In base 16, what is 3c21d3 - 1?
3c21d2
In base 16, what is -85ef + -d?
-85fc
In base 16, what is 17677 + 3?
1767a
In base 8, what is -13 - 237143?
-237156
In base 3, what is 2 - 221200011?
-221200002
In base 12, what is -2048 - -17?
-2031
In base 2, what is 1011100010011111 - 101?
1011100010011010
In base 4, what is -12120 + 1330?
-10130
In base 9, what is 8 - 5238?
-5230
In base 13, what is -5 + 446c?
4467
In base 4, what is -3 + -2300313?
-2300322
In base 4, what is -21312 + 0?
-21312
In base 5, what is 100142 + -111?
100031
In base 6, what is -5542 - -3?
-5535
In base 5, what is -2 + -2403011?
-2403013
In base 5, what is -143343143 + 2?
-143343141
In base 16, what is 9b2 - -f2?
aa4
In base 11, what is 1064 - 10?
1054
In base 16, what is -3 - 13f74?
-13f77
In base 7, what is 161336 + 4?
161343
In base 3, what is -2 - 1101211220?
-1101211222
In base 15, what is -3e3e0 + -5?
-3e3e5
In base 10, what is 25 - 2135?
-2110
In base 16, what is 18f0 - 39?
18b7
In base 9, what is -54 - -708?
644
In base 8, what is 15 + -4404?
-4367
In base 4, what is -12 - 10011020?
-10011032
In base 12, what is -2849016 - 4?
-284901a
In base 16, what is 24d - -144?
391
In base 13, what is -5 - 5c414?
-5c419
In base 4, what is -330321322 + 2?
-330321320
In base 13, what is -30 + 20989?
20959
In base 16, what is 4 + -5f936?
-5f932
In base 13, what is -2911 + 6?
-2908
In base 7, what is 16 - 1412?
-1363
In base 9, what is 2823 + -64?
2748
In base 12, what is -2 + 419b4?
419b2
In base 9, what is -561 + -24?
-585
In base 11, what is -19959 + 23?
-19936
In base 10, what is -6 - -194143?
194137
In base 12, what is 3 - -4887?
488a
In base 10, what is -2673 + -20?
-2693
In base 16, what is 87a04 - 0?
87a04
In base 15, what is -46e - -1a?
-454
In base 8, what is -2030034 + -4?
-2030040
In base 11, what is 48 + 207?
254
In base 5, what is 44321 + -3021?
41300
In base 10, what is 59 - -294?
353
In base 9, what is 16043 + -4?
16038
In base 11, what is 11 - 611?
-600
In base 9, what is 0 + -30002?
-30002
In base 5, what is 23223414 - 10?
23223404
In base 5, what is -1 - -1012111?
1012110
In base 16, what is -136 - -161?
2b
In base 7, what is -21 + 2054?
2033
In base 9, what is -2464 - -141?
-2323
In base 16, what is -13c79 - 5?
-13c7e
In base 6, what is -44 + -143?
-231
In base 16, what is eae - 2?
eac
In base 14, what is 5 + -2dc0?
-2db9
In base 10, what is 37 + -5?
32
In base 5, what is -3414002 - -10?
-3413442
In base 2, what is -111001001000111101110 - 11?
-111001001000111110001
In base 7, what is -565 - -4616?
4021
In base 5, what is -232224 + 1?
-232223
In base 10, what is -21 - 12025?
-12046
In base 14, what is -1b7321 - 6?
-1b7327
In base 3, what is -1 - -1000002222?
1000002221
In base 13, what is 3359 - bc?
326a
In base 10, what is 1 + -48553?
-48552
In base 6, what is -315 - -11234?
10515
In base 11, what is -163754 - -4?
-163750
In base 11, what is -2214 - 4?
-2218
In base 6, what is -10314055 + -5?
-10314104
In base 14, what is -4 - 4970?
-4974
In base 9, what is -620 - -184?
-425
In base 15, what is 21 + -28d9?
-28b8
In base 4, what is 2 + 2200320?
2200322
In base 16, what is -2c5 - -9?
-2bc
In base 10, what is 8 - -1165?
1173
In base 8, what is -122166 + 1?
-122165
In base 7, what is 2251256 - 6?
2251250
In base 9, what is -437 + 367?
-60
In base 3, what is 12010210122 + 2?
12010210201
In base 15, what is 10ca5 - -2e?
10cd4
In base 15, what is -11 + -11d2?
-11e3
In base 15, what is 435 + -168?
2bc
In base 15, what is 4 + -5e93?
-5e8e
In base 4, what is 1 - 30231?
-30230
In base 3, what is 20112221 + 1022?
20121020
In base 13, what is -2 + -11216?
-11218
In base 8, what is -26 + -2705?
-2733
In base 15, what is 1e828 + 15?
1e83d
In base 3, what is -11212 + -202111?
-221100
In base 8, what is 1055 + -4202?
-3125
In base 15, what is -285418 - 3?
-28541b
In base 15, what is 485 - -261?
6e6
In base 10, what is -17 + -753?
-770
In base 9, what is 4 - 52631?
-52626
In base 14, what is 1662 - 322?
1340
In base 16, what is -14 - 193d1?
-193e5
In base 3, what is -111021 - 2202?
-121000
In base 12, what is 11666 + 52?
116b8
In base 16, what is 53 + 1ed?
240
In base 8, what is 1 + 22066?
22067
In base 3, what is -12222120 + 1112?
-12221001
In base 8, what is 3 + -1115271?
-1115266
In base 14, what is 563 - -6a9?
c2c
In base 12, what is -553308 - -3?
-553305
In base 13, what is -1b - -28bb9?
28b9b
In base 2, what is -11111110 - -11101?
-11100001
In base 10, what is 1 + 8946?
8947
In base 11, what is 6 + -2679?
-2673
In base 11, what is 57 + -246?
-19a
In base 8, what is 10265 + 10?
10275
In base 7, what is 35565302 + 0?
35565302
In base 14, what is 1483 + -3?
1480
In base 16, what is -3 + -8f1?
-8f4
In base 11, what is -7 + -5a855?
-5a861
In base 4, what is -12 - 100311312?
-100311330
In base 15, what is 5 - -6dab?
6db1
In base 4, what is 131 - 2011122?
-2010331
In base 16, what is -cad37 - 9?
-cad40
In base 14, what is -2 - 9a5c?
-9a60
In base 8, what is -442766 + 26?
-442740
In base 9, what is -4 - 446348?
-446353
In base 9, what is 11081 - 14?
11066
In base 7, what is 414 - 115?
266
In base 7, what is -11053163 + 5?
-11053155
In base 8, what is -2246 - 31?
-2277
In base 11, what is 664793 + -1?
664792
In base 3, what is 102 - 21211221122?
-21211